{"id":156,"date":"2020-04-13T16:10:59","date_gmt":"2020-04-13T16:10:59","guid":{"rendered":"https:\/\/electromecanica.com.ar\/tdg\/?page_id=156"},"modified":"2024-06-02T12:22:56","modified_gmt":"2024-06-02T15:22:56","slug":"acerca-de","status":"publish","type":"page","link":"https:\/\/electromecanica.com.ar\/tdg\/acerca-de\/","title":{"rendered":"Acerca de&#8230;"},"content":{"rendered":"\n<p><strong>Este es el sitio de las siguientes materias:<\/strong><\/p>\n\n\n\n<ul class=\"wp-block-list\">\n<li>T\u00e9cnicas de Gesti\u00f3n (<em>Ingenier\u00eda Mec\u00e1nica<\/em>)<\/li>\n\n\n\n<li>Organizaci\u00f3n Industrial (<em>Ingenier\u00eda Electromec\u00e1nica<\/em>)<\/li>\n<\/ul>\n\n\n\n<blockquote class=\"wp-block-quote is-layout-flow wp-block-quote-is-layout-flow\">\n<p>Las materias se dictan en el Departamento de Electromec\u00e1nica, en la Facultad de Ingenier\u00eda de la Universidad Nacional de San Juan.<\/p>\n<\/blockquote>\n\n\n\n<p><strong>Los docentes a cargo de las materias son:<\/strong><\/p>\n\n\n\n<ul class=\"wp-block-list\">\n<li>Alejandro Quiroga Alsina (<em>profesor titular<\/em>)<\/li>\n\n\n\n<li>Lucio G\u00f3mez (<em>jefe de trabajos pr\u00e1cticos<\/em>)<\/li>\n<\/ul>\n\n\n\n<p><strong>Si desea ponerse en contacto<\/strong> con los profesores o enviar un comentario sobre este sitio, utilice por favor nuestra p\u00e1gina de <a href=\"https:\/\/electromecanica.com.ar\/tdg\/contacto\/\">Contacto<\/a>.<\/p>\n","protected":false},"excerpt":{"rendered":"<p>Este es el sitio de las siguientes materias: Las materias se dictan en el Departamento de Electromec\u00e1nica, en la Facultad de Ingenier\u00eda de la Universidad Nacional de San Juan. Los docentes a cargo de las materias son: Si desea ponerse en contacto con los profesores o enviar un comentario sobre este sitio, utilice por favor &hellip; <a href=\"https:\/\/electromecanica.com.ar\/tdg\/acerca-de\/\" class=\"more-link\">Sigue leyendo <span class=\"screen-reader-text\">Acerca de&#8230;<\/span><\/a><\/p>\n","protected":false},"author":3,"featured_media":0,"parent":0,"menu_order":0,"comment_status":"closed","ping_status":"closed","template":"","meta":{"_bbp_topic_count":0,"_bbp_reply_count":0,"_bbp_total_topic_count":0,"_bbp_total_reply_count":0,"_bbp_voice_count":0,"_bbp_anonymous_reply_count":0,"_bbp_topic_count_hidden":0,"_bbp_reply_count_hidden":0,"_bbp_forum_subforum_count":0,"footnotes":""},"class_list":["post-156","page","type-page","status-publish","hentry"],"_links":{"self":[{"href":"https:\/\/electromecanica.com.ar\/tdg\/wp-json\/wp\/v2\/pages\/156","targetHints":{"allow":["GET"]}}],"collection":[{"href":"https:\/\/electromecanica.com.ar\/tdg\/wp-json\/wp\/v2\/pages"}],"about":[{"href":"https:\/\/electromecanica.com.ar\/tdg\/wp-json\/wp\/v2\/types\/page"}],"author":[{"embeddable":true,"href":"https:\/\/electromecanica.com.ar\/tdg\/wp-json\/wp\/v2\/users\/3"}],"replies":[{"embeddable":true,"href":"https:\/\/electromecanica.com.ar\/tdg\/wp-json\/wp\/v2\/comments?post=156"}],"version-history":[{"count":3,"href":"https:\/\/electromecanica.com.ar\/tdg\/wp-json\/wp\/v2\/pages\/156\/revisions"}],"predecessor-version":[{"id":587,"href":"https:\/\/electromecanica.com.ar\/tdg\/wp-json\/wp\/v2\/pages\/156\/revisions\/587"}],"wp:attachment":[{"href":"https:\/\/electromecanica.com.ar\/tdg\/wp-json\/wp\/v2\/media?parent=156"}],"curies":[{"name":"wp","href":"https:\/\/api.w.org\/{rel}","templated":true}]}}